uppose -j = 3*f - 236. What is the tens digit of f?
7
Let v(c) = -c - 3. Let t be v(-7). Let m(d) = 3*d - 177. Let h be m(50). What is the tens digit of h/(t/(-16) + 0)?
0
Let o(k) be the first derivative of 53*k**3/3 - 13*k**2/2 - 3*k + 61. What is the units digit of o(3)?
5
Suppose -23 = 2*q - 9. Let v be (56/(-36))/q - 11/9. What is the tens digit of 15/20 + ((-514)/(-8) - v)?
6
Let r be 6*5/(-45) - (-1564)/6. Suppose 4*t - 45 = -t. Suppose -4*x - r = -t*x. What is the tens digit of x?
5
Let r = -2 + -6. Let t(p) = -3*p**3 - 27*p**2 + 7*p - 42. Let l(i) = 2*i**3 + 18*i**2 - 5*i + 28. Let b(s) = -7*l(s) - 5*t(s). What is the tens digit of b(r)?
7
Suppose 4*n = -2*g - 42, -32*g + 28*g - 99 = 5*n. Let b = g - -945. What is the tens digit of b?
1
Let l(u) = u**2 - 11*u + 10. Let n be l(11). Let t(g) = -23 + 19 - 6*g + 7*g - n*g. What is the units digit of t(-4)?
2
What is the thousands digit of ((-7)/(105/80) + -1)*(-647 + -10)?
4
Suppose 4939 + 20436 + 855121 = 16*x. What is the thousands digit of x?
5
Suppose -5*f + 153 + 62 = 0. Let r = f - 47. What is the units digit of (-9 + 12 + 10/r)*298?
9
Let u = 45 - 682. Let m = 1905 + u. Suppose -418 = -2*t + 4*w, -5*t - 233 + m = -5*w. What is the tens digit of t?
0
Suppose -12*y - 243060 = -4*h, -3*h - 42*y = -39*y - 182295. What is the thousands digit of h?
0
Let i(a) = 12*a - 3 + 341*a**2 - 326*a**2 - 24 - a**3. What is the hundreds digit of i(13)?
4
Let i(m) be the third derivative of -1/60*m**5 + 0 - 17*m**2 + 0*m + 5/6*m**4 - 1/2*m**3. What is the tens digit of i(9)?
9
Let d(j) = 22*j**2 + j + 5. Let v(z) = -2*z + 36. Let c be v(16). Suppose 2*b + 3 = c*b + t, 5 = 2*b - t. What is the tens digit of d(b)?
9
Suppose -18*q + q = 4*q - 506898. What is the ten thousands digit of q?
2
Suppose 0 = 97*z - 92*z + 45. Let k(f) = -3*f**3 - 10*f**2 - 16*f + 17. What is the hundreds digit of k(z)?
5
Suppose r = 3*o - 43195 - 15009, -5*o + 2*r = -97005. Suppose 0 = 25*g - o - 20422. What is the tens digit of g?
9
Suppose -4*j - 4*s + 555 = 151, 5*j + 3*s = 505. Suppose -2*m = -645 + j. What is the tens digit of m?
7
Suppose -3*s - 3*w = -4*s - 35, -s - 3*w - 41 = 0. Let i = s + 35. What is the units digit of (65 - 4) + (-6)/i?
3
Let z(v) = 3*v**2 - 14*v - 52. Let i be z(11). Suppose -i*d = -164*d + 679. What is the units digit of d?
7
Let r = -25295 - -30310. What is the thousands digit of r?
5
Suppose 0 = 3*z + 2*z - 10. Suppose -z*x + 234 = -82. Let k = x - 84. What is the tens digit of k?
7
Suppose -2*l + 688 = 2*f, l + 9 = -2*l. Let m = 231 + f. What is the hundreds digit of m?
5
Let g(l) = -75*l**3 + 12*l**2 + 70*l - 1. What is the hundreds digit of g(-4)?
7
Suppose 44*f - 47*f = -315. Suppose -f*l + 106*l - 638 = 0. What is the hundreds digit of l?
6
Let z = -3767 + 7702. What is the thousands digit of z?
3
Let v(w) = w**2 - 8*w. Let p be v(17). Let d = p + -51. What is the units digit of d?
2
Let i(g) = -1540*g**3 + g**2 + 2*g + 2. Let h be i(-1). Let q = -1047 + h. What is the tens digit of q?
9
Let a = -10900 + 17377. What is the thousands digit of a?
6
Let p = -17 + 441. Suppose -p = -2*g + 618. What is the hundreds digit of g?
5
Let c = -38670 + 67183. What is the hundreds digit of c?
5
Suppose 4*m = -m + 210. Let o be (-9)/(-3) - (1 - 37). Let k = m - o. What is the units digit of k?
3
Suppose -5*s + 118 = 3*x - 5*x, 0 = -5*s + 3*x + 122. Let a = s + 255. What is the units digit of a?
7
Let k = -905 - -37. Let m = -68 - k. What is the units digit of m?
0
What is the ten thousands digit of ((-81)/(-4))/(((-1215)/79320)/(-27))?
3
Suppose y - 2*w + w - 3 = 0, -2*y + 5 = -3*w. Suppose 49 = y*g + 137. What is the tens digit of (-1016)/g + 12/(-66)?
4
Let f be -10*(20/(-24) - -1)*-3. Suppose 0 = f*k - 9*k - 8. Let o(s) = -84*s + 3. What is the units digit of o(k)?
1
Suppose 1084*o - 294870 = 1069*o. What is the thousands digit of o?
9
Suppose -17630 = -4*p - 5*z, -3*z + z = -2*p + 8824. What is the units digit of p?
0
Suppose 119*s = 11*s - 81*s + 5855031. What is the tens digit of s?
7
Let h(k) = 276*k**3 + 10*k**2 - 70*k + 1. What is the tens digit of h(4)?
4
Suppose 71*z - 239156 - 357304 + 30306 = 0. What is the units digit of z?
4
Suppose 4*a - 5*p - 72145 = 0, -161*a + 2*p + 18040 = -160*a. What is the thousands digit of a?
8
Let a(f) be the first derivative of -25*f + 3 - 3/2*f**2. What is the units digit of a(-13)?
4
Suppose 3*f + 30349 - 99061 = 2*d, 0 = -4*f + d + 91626. What is the units digit of f?
8
Suppose -4*c + 27974 = 4*f - 84626, 3*c = -15. What is the hundreds digit of f?
1
Let j be 1182/(-90) + (-10)/(-75). Let k = 540 - j. What is the hundreds digit of k?
5
Suppose -4*x = -5*s - 13356, -249*x + 254*x - 16690 = 5*s. What is the thousands digit of x?
3
Let u(j) be the second derivative of -j**4/12 - j**3/3 + 35*j**2/2 - 29*j. Let m be u(0). Let t = 49 - m. What is the tens digit of t?
1
Suppose -2996 = -5*z + 204. Let d = z + -302. Suppose h - 96 = 3*g, 3*h - d = 3*g - 50. What is the units digit of h?
6
Suppose -2*o + 3*q + 27592 + 21174 = 0, -4*o + 97488 = 5*q. What is the ten thousands digit of o?
2
Suppose -335*d + 6101762 - 2334352 = 0. What is the units digit of d?
6
Let c(k) be the third derivative of k**5/60 + 29*k**2. Let l(z) = 5*z**2 - 17*z - 26. Let f(q) = -4*c(q) + l(q). What is the tens digit of f(19)?
1
Let d(r) = -7*r**2 + 4*r - 8. Let f = 10 - 6. Let i be d(f). What is the units digit of (-78)/i*(-1 - -9)?
6
Suppose -16*y - 23 = -119. What is the units digit of 1927/82*y*(2 - 0)?
2
Suppose -f + 3*d + 11 = 0, 2*f + 6 - 22 = 4*d. Let m(w) = 3*w + 20*w**2 - 2*w + 11 - 9*w**f. What is the units digit of m(-3)?
7
Suppose 4*j - 1643 = 3*a, 0*a = -4*j + a + 1641. Let s = -118 + j. What is the hundreds digit of s?
2
Let h be (42 - 39)/(6/22). Suppose -3*l = -w + 65 + h, -w + 4*l = -71. What is the tens digit of w?
9
Let o(c) = -c**2 - 21*c - 49. Let j be o(-18). Suppose -g = 5*w - 325, j*g - 1357 - 152 = 4*w. What is the units digit of g?
5
Let y(l) = -3*l**2 + 34*l - 8. Let o be y(11). Suppose -5*g - 1047 = -9*h + 5*h, -2*h = -o*g - 521. What is the tens digit of h?
6
Suppose 2*j + q - 96 - 123 = 0, -5*j + 3*q + 575 = 0. What is the units digit of 368 + (416/j - (-2)/7)?
2
Let x(u) = 51*u**2 - 6*u + 37. Let m = 244 - 240. What is the hundreds digit of x(m)?
8
Suppose -3*m + 33 = 24, 3*s + 4*m - 147987 = 0. What is the hundreds digit of s?
3
Suppose -29390 = -3*h - 4*c, -4*h - 10558 = 4*c - 49742. What is the units digit of h?
4
Let g = 1851 + 44. Let r = g + -1249. What is the units digit of r?
6
Suppose 609154 = 32*y + 59*y. What is the units digit of y?
4
Suppose -13*g = -8*g - 3*y - 3761, -5*g = 2*y - 3751. What is the units digit of g?
1
Suppose 20 = 5*h, 7*h = 5*y + 4*h - 1018. Suppose 59 = -v + y. What is the units digit of v?
7
Suppose -5*k = 2*q - 4, 2*k - 4*k - 8 = -4*q. Let v be q*12/(-8) - -3. What is the tens digit of v + -2 + -1 + 1 + 62?
6
Suppose 201 = 18*p - 1905. Let k be -3*((-1)/(-1) + -3). Suppose -p + 447 = k*x. What is the tens digit of x?
5
Suppose -20*i = -56*i + 179892. Suppose i + 628 = 15*v. What is the hundreds digit of v?
3
Let h(n) = 9*n**2 - 4*n + 15410. What is the ten thousands digit of h(0)?
1
What is the hundreds digit of (-4)/(-12) + 344/(-16)*40/(-3)?
2
Let j = 660 - 319. Suppose n - j = 3*a, -5*a - 103 = -n + 238. What is the units digit of n?
1
Let h be ((-11)/((-165)/(-500)))/((-6)/9). Suppose 4*t + 130 = 5*k, -3*k = -0*k - 3*t - 75. What is the hundreds digit of ((-4)/k + (-1060)/h)*-12?
2
Let b = 152 + 184. Let y = b + -136. What is the tens digit of y?
0
Suppose 4*o + 5*d = 8, 6 = 2*o + o - 2*d. Suppose a = -4*w - 2, a - w - 1 = o. Let m = a - -66. What is the tens digit of m?
6
Let g(a) = -2*a**2 - 293*a + 1108. What is the hundreds digit of g(-144)?
8
What is the units digit of (-272)/34 + (-1994)/(-1 - 1)?
9
Let i(s) = -550*s - 1507. What is the tens digit of i(-56)?
9
Suppose 2*t + 10 = 5*y, 4*y + 2*t + 9 = 7*t. Suppose q + 33 = y*g - 0*q, 3*q - 29 = -4*g. What is the hundreds digit of 1622/g - (-10)/8?
2
Let o = 58891 + -24696. What is the tens digit of o?
9
Let h(t) = t**2 + 21*t - 56. Let s be ((-7)/((-42)/32))/((-1)/(-3)). What is the hundreds digit of h(s)?
5
Let s = 49 - 44. Suppose -30 + 153 = s*g - i, 2*g - 56 = 